{"id":7174,"date":"2024-11-09T14:49:35","date_gmt":"2024-11-09T17:49:35","guid":{"rendered":"https:\/\/sp50bier.com.br\/loja\/?post_type=product&#038;p=7174"},"modified":"2024-11-09T14:49:35","modified_gmt":"2024-11-09T17:49:35","slug":"kit-6-latas-pingo-de-ouro","status":"publish","type":"product","link":"https:\/\/sp50bier.com.br\/loja\/produto\/kit-6-latas-pingo-de-ouro\/","title":{"rendered":"Kit 6 Latas PINGO DE OURO"},"content":{"rendered":"<p>Kit com 6 latas de nossa suave Pingo de Ouro, uma Cream Ale para &#8220;come\u00e7ar os trabalhos&#8221;.<\/p>\n<p>6 Latas de 473ml cada.<a href=\"https:\/\/sp50bier.com.br\/loja\/wp-content\/uploads\/2024\/11\/2024_11-Caixa-Pingo.heic\"><img decoding=\"async\" class=\"alignnone size-full wp-image-7175\" src=\"https:\/\/sp50bier.com.br\/loja\/wp-content\/uploads\/2024\/11\/2024_11-Caixa-Pingo.heic\" alt=\"\" \/><\/a><\/p>\n<p><img decoding=\"async\" loading=\"lazy\" class=\"alignnone size-medium wp-image-6847\" src=\"https:\/\/sp50bier.com.br\/loja\/wp-content\/uploads\/2023\/05\/pingo-de-ouro-4-300x300.jpg\" alt=\"\" width=\"300\" height=\"300\" srcset=\"https:\/\/sp50bier.com.br\/loja\/wp-content\/uploads\/2023\/05\/pingo-de-ouro-4-300x300.jpg 300w, https:\/\/sp50bier.com.br\/loja\/wp-content\/uploads\/2023\/05\/pingo-de-ouro-4-1024x1024.jpg 1024w, https:\/\/sp50bier.com.br\/loja\/wp-content\/uploads\/2023\/05\/pingo-de-ouro-4-150x150.jpg 150w, https:\/\/sp50bier.com.br\/loja\/wp-content\/uploads\/2023\/05\/pingo-de-ouro-4-768x768.jpg 768w, https:\/\/sp50bier.com.br\/loja\/wp-content\/uploads\/2023\/05\/pingo-de-ouro-4-400x400.jpg 400w, https:\/\/sp50bier.com.br\/loja\/wp-content\/uploads\/2023\/05\/pingo-de-ouro-4-450x450.jpg 450w, https:\/\/sp50bier.com.br\/loja\/wp-content\/uploads\/2023\/05\/pingo-de-ouro-4-800x800.jpg 800w, https:\/\/sp50bier.com.br\/loja\/wp-content\/uploads\/2023\/05\/pingo-de-ouro-4-100x100.jpg 100w, https:\/\/sp50bier.com.br\/loja\/wp-content\/uploads\/2023\/05\/pingo-de-ouro-4.jpg 1080w\" sizes=\"(max-width: 300px) 100vw, 300px\" \/><\/p>\n","protected":false},"excerpt":{"rendered":"<p><strong><u>PINGO DE OURO<\/u><\/strong><\/p>\n<ul>\n<li>ESTILO: CREAM ALE<\/li>\n<li>ABV (Teor Alco\u00f3lico): 4,5% Vol<\/li>\n<li>EBC (Cor da Cerveja): 05 \u2013 Cerveja Clara e cristalina<\/li>\n<li>IBU (Amargor da Cerveja): 14<\/li>\n<li>Temperatura ideal de Consumo: 2\u00ba \u00e0 4\u00ba.C<\/li>\n<li>Descri\u00e7\u00e3o:<\/li>\n<\/ul>\n<p><em>Cerveja refrescante, de baixo amargor, baixo teor alco\u00f3lico com suaves notas de malte, caracteriza-se pela cremosidade no paladar e na espuma. Estilo suave, saboroso e \u201cpara cortar a grama\u201d, o que remete ao nosso PINGO DE OURO, esp\u00e9cie anf\u00edbia identificada nas matas de Sfx pela inspiradora equipe do Projeto Dacnis, ONG presente no Distrito e que tem como um de seus pilares, observar a fauna em geral para estimular turismo ecologicamente correto<\/em><\/p>\n<ul>\n<li>Harmoniza\u00e7\u00f5es:<\/li>\n<\/ul>\n<p><em>Pescados e carnes brancas em geral, saladas de folhas verdes, pizza de mussarela ou margerita, massas e queijos leves: brie, gouda e camembert;<\/em><\/p>\n<ul>\n<li>Insumos:\n<ul>\n<li>Maltes: Pale Ale, Munich, Carapils;<\/li>\n<li>Gr\u00e3os: Flocos de milho sem a\u00e7\u00facar e Flocos de Aveia org\u00e2nicos;<\/li>\n<li>L\u00fapulos: Magnum (USA), Cascade (USA) e Saaz (Rep Theca);<\/li>\n<li>\u00c1gua<\/li>\n<li>Levedura: ALE US-05;<\/li>\n<\/ul>\n<\/li>\n<\/ul>\n","protected":false},"featured_media":7178,"comment_status":"open","ping_status":"closed","template":"","meta":{"inline_featured_image":false},"product_cat":[144,148],"product_tag":[],"_links":{"self":[{"href":"https:\/\/sp50bier.com.br\/loja\/wp-json\/wp\/v2\/product\/7174"}],"collection":[{"href":"https:\/\/sp50bier.com.br\/loja\/wp-json\/wp\/v2\/product"}],"about":[{"href":"https:\/\/sp50bier.com.br\/loja\/wp-json\/wp\/v2\/types\/product"}],"replies":[{"embeddable":true,"href":"https:\/\/sp50bier.com.br\/loja\/wp-json\/wp\/v2\/comments?post=7174"}],"version-history":[{"count":4,"href":"https:\/\/sp50bier.com.br\/loja\/wp-json\/wp\/v2\/product\/7174\/revisions"}],"predecessor-version":[{"id":7181,"href":"https:\/\/sp50bier.com.br\/loja\/wp-json\/wp\/v2\/product\/7174\/revisions\/7181"}],"wp:featuredmedia":[{"embeddable":true,"href":"https:\/\/sp50bier.com.br\/loja\/wp-json\/wp\/v2\/media\/7178"}],"wp:attachment":[{"href":"https:\/\/sp50bier.com.br\/loja\/wp-json\/wp\/v2\/media?parent=7174"}],"wp:term":[{"taxonomy":"product_cat","embeddable":true,"href":"https:\/\/sp50bier.com.br\/loja\/wp-json\/wp\/v2\/product_cat?post=7174"},{"taxonomy":"product_tag","embeddable":true,"href":"https:\/\/sp50bier.com.br\/loja\/wp-json\/wp\/v2\/product_tag?post=7174"}],"curies":[{"name":"wp","href":"https:\/\/api.w.org\/{rel}","templated":true}]}}