{"id":6872,"date":"2023-05-08T16:08:24","date_gmt":"2023-05-08T19:08:24","guid":{"rendered":"https:\/\/sp50bier.com.br\/loja\/produto\/abridor-de-garrafa-na-tabua\/"},"modified":"2024-06-24T13:23:36","modified_gmt":"2024-06-24T16:23:36","slug":"abridor-de-garrafa-na-tabua","status":"publish","type":"product","link":"https:\/\/sp50bier.com.br\/loja\/produto\/abridor-de-garrafa-na-tabua\/","title":{"rendered":"ABRIDOR DE GARRAFA NA T\u00c1BUA"},"content":{"rendered":"<p>Abridor de garrafa com im\u00e3 para segurar a tampinha e logo da cervejaria. Ideal para decorar \u00e1reas de lazer \/ churrasqueira \/ bar. Produzido por artes\u00e3o local.<\/p>\n","protected":false},"excerpt":{"rendered":"<p>Abridor de Garrafa na T\u00e1bua<\/p>\n","protected":false},"featured_media":6901,"comment_status":"open","ping_status":"closed","template":"","meta":{"inline_featured_image":false},"product_cat":[147],"product_tag":[],"_links":{"self":[{"href":"https:\/\/sp50bier.com.br\/loja\/wp-json\/wp\/v2\/product\/6872"}],"collection":[{"href":"https:\/\/sp50bier.com.br\/loja\/wp-json\/wp\/v2\/product"}],"about":[{"href":"https:\/\/sp50bier.com.br\/loja\/wp-json\/wp\/v2\/types\/product"}],"replies":[{"embeddable":true,"href":"https:\/\/sp50bier.com.br\/loja\/wp-json\/wp\/v2\/comments?post=6872"}],"version-history":[{"count":1,"href":"https:\/\/sp50bier.com.br\/loja\/wp-json\/wp\/v2\/product\/6872\/revisions"}],"predecessor-version":[{"id":6903,"href":"https:\/\/sp50bier.com.br\/loja\/wp-json\/wp\/v2\/product\/6872\/revisions\/6903"}],"wp:featuredmedia":[{"embeddable":true,"href":"https:\/\/sp50bier.com.br\/loja\/wp-json\/wp\/v2\/media\/6901"}],"wp:attachment":[{"href":"https:\/\/sp50bier.com.br\/loja\/wp-json\/wp\/v2\/media?parent=6872"}],"wp:term":[{"taxonomy":"product_cat","embeddable":true,"href":"https:\/\/sp50bier.com.br\/loja\/wp-json\/wp\/v2\/product_cat?post=6872"},{"taxonomy":"product_tag","embeddable":true,"href":"https:\/\/sp50bier.com.br\/loja\/wp-json\/wp\/v2\/product_tag?post=6872"}],"curies":[{"name":"wp","href":"https:\/\/api.w.org\/{rel}","templated":true}]}}