{"id":6871,"date":"2023-05-08T16:08:24","date_gmt":"2023-05-08T19:08:24","guid":{"rendered":"https:\/\/sp50bier.com.br\/loja\/produto\/abridor-de-garrafa\/"},"modified":"2023-07-07T18:19:34","modified_gmt":"2023-07-07T21:19:34","slug":"abridor-de-garrafa","status":"publish","type":"product","link":"https:\/\/sp50bier.com.br\/loja\/produto\/abridor-de-garrafa\/","title":{"rendered":"ABRIDOR DE GARRAFA"},"content":{"rendered":"<p>Abridor de garrafa r\u00fastico com a logo da cervejaria. Para quem coleciona tampinhas, esse abridor n\u00e3o amassa a tampinha! Produzido por artes\u00e3o local.<\/p>\n","protected":false},"excerpt":{"rendered":"<p>Abridor de Garrafa<\/p>\n","protected":false},"featured_media":6892,"comment_status":"open","ping_status":"closed","template":"","meta":{"inline_featured_image":false},"product_cat":[147],"product_tag":[],"_links":{"self":[{"href":"https:\/\/sp50bier.com.br\/loja\/wp-json\/wp\/v2\/product\/6871"}],"collection":[{"href":"https:\/\/sp50bier.com.br\/loja\/wp-json\/wp\/v2\/product"}],"about":[{"href":"https:\/\/sp50bier.com.br\/loja\/wp-json\/wp\/v2\/types\/product"}],"replies":[{"embeddable":true,"href":"https:\/\/sp50bier.com.br\/loja\/wp-json\/wp\/v2\/comments?post=6871"}],"version-history":[{"count":1,"href":"https:\/\/sp50bier.com.br\/loja\/wp-json\/wp\/v2\/product\/6871\/revisions"}],"predecessor-version":[{"id":6896,"href":"https:\/\/sp50bier.com.br\/loja\/wp-json\/wp\/v2\/product\/6871\/revisions\/6896"}],"wp:featuredmedia":[{"embeddable":true,"href":"https:\/\/sp50bier.com.br\/loja\/wp-json\/wp\/v2\/media\/6892"}],"wp:attachment":[{"href":"https:\/\/sp50bier.com.br\/loja\/wp-json\/wp\/v2\/media?parent=6871"}],"wp:term":[{"taxonomy":"product_cat","embeddable":true,"href":"https:\/\/sp50bier.com.br\/loja\/wp-json\/wp\/v2\/product_cat?post=6871"},{"taxonomy":"product_tag","embeddable":true,"href":"https:\/\/sp50bier.com.br\/loja\/wp-json\/wp\/v2\/product_tag?post=6871"}],"curies":[{"name":"wp","href":"https:\/\/api.w.org\/{rel}","templated":true}]}}