{"id":6830,"date":"2023-05-08T11:56:24","date_gmt":"2023-05-08T14:56:24","guid":{"rendered":"https:\/\/sp50bier.com.br\/loja\/produto\/tatubock-weizenbock\/"},"modified":"2024-11-09T14:56:13","modified_gmt":"2024-11-09T17:56:13","slug":"tatubock-weizenbock","status":"publish","type":"product","link":"https:\/\/sp50bier.com.br\/loja\/produto\/tatubock-weizenbock\/","title":{"rendered":"TATUBOCK &#8211; WEIZENBOCK"},"content":{"rendered":"<p>Amargor &#8211; 25 IBU (<em>M\u00e9dio amargor)<\/em><br \/>\nCor &#8211; CLARA (16 EBC)<br \/>\nTeor Alco\u00f3lico &#8211; 7,0% ABV<\/p>\n<p><em>Estilo t\u00edpico alem\u00e3o, com alta concentra\u00e7\u00e3o de malte de trigo. Cerveja turva, encorpada e levemente frutada, com aromas de cravo e banana.<\/em><\/p>\n<p><em>Ela chega rasteira, devagar e vai conquistando espa\u00e7o, assim como o Tatu, nosso homenageado da vez e muito presente nas terras de SFX. A fam\u00edlia Tatubock recomenda o consumo moderado dessa maravilha e cuidado com nossa passagem pela estrada do Distrito!<\/em><\/p>\n","protected":false},"excerpt":{"rendered":"<p>Lata 475ML WEIZENBOCK<\/p>\n","protected":false},"featured_media":6848,"comment_status":"open","ping_status":"closed","template":"","meta":{"inline_featured_image":false},"product_cat":[144],"product_tag":[],"_links":{"self":[{"href":"https:\/\/sp50bier.com.br\/loja\/wp-json\/wp\/v2\/product\/6830"}],"collection":[{"href":"https:\/\/sp50bier.com.br\/loja\/wp-json\/wp\/v2\/product"}],"about":[{"href":"https:\/\/sp50bier.com.br\/loja\/wp-json\/wp\/v2\/types\/product"}],"replies":[{"embeddable":true,"href":"https:\/\/sp50bier.com.br\/loja\/wp-json\/wp\/v2\/comments?post=6830"}],"version-history":[{"count":3,"href":"https:\/\/sp50bier.com.br\/loja\/wp-json\/wp\/v2\/product\/6830\/revisions"}],"predecessor-version":[{"id":7059,"href":"https:\/\/sp50bier.com.br\/loja\/wp-json\/wp\/v2\/product\/6830\/revisions\/7059"}],"wp:featuredmedia":[{"embeddable":true,"href":"https:\/\/sp50bier.com.br\/loja\/wp-json\/wp\/v2\/media\/6848"}],"wp:attachment":[{"href":"https:\/\/sp50bier.com.br\/loja\/wp-json\/wp\/v2\/media?parent=6830"}],"wp:term":[{"taxonomy":"product_cat","embeddable":true,"href":"https:\/\/sp50bier.com.br\/loja\/wp-json\/wp\/v2\/product_cat?post=6830"},{"taxonomy":"product_tag","embeddable":true,"href":"https:\/\/sp50bier.com.br\/loja\/wp-json\/wp\/v2\/product_tag?post=6830"}],"curies":[{"name":"wp","href":"https:\/\/api.w.org\/{rel}","templated":true}]}}